444 is divided by 110?
14
What is the remainder when 2523122 is divided by 69?
68
What is the remainder when 34238 is divided by 11407?
17
Calculate the remainder when 16931 is divided by 236.
175
Calculate the remainder when 52997 is divided by 631.
624
What is the remainder when 3140967 is divided by 1576?
1575
What is the remainder when 15749 is divided by 21?
20
What is the remainder when 6884 is divided by 224?
164
What is the remainder when 20074 is divided by 128?
106
Calculate the remainder when 171049 is divided by 82.
79
What is the remainder when 6158 is divided by 81?
2
Calculate the remainder when 126325 is divided by 8.
5
What is the remainder when 618 is divided by 377?
241
What is the remainder when 119559 is divided by 10?
9
Calculate the remainder when 56079 is divided by 26.
23
What is the remainder when 6996 is divided by 23?
4
What is the remainder when 386464 is divided by 9909?
13
Calculate the remainder when 59731 is divided by 158.
7
Calculate the remainder when 63058 is divided by 1856.
1810
What is the remainder when 1776 is divided by 9?
3
Calculate the remainder when 28140 is divided by 779.
96
What is the remainder when 22823 is divided by 55?
53
What is the remainder when 53452 is divided by 26356?
740
Calculate the remainder when 108287 is divided by 282.
281
Calculate the remainder when 196997 is divided by 98390.
217
Calculate the remainder when 280698 is divided by 1788.
1770
What is the remainder when 704 is divided by 590?
114
Calculate the remainder when 134230 is divided by 102.
100
Calculate the remainder when 137641 is divided by 33.
31
What is the remainder when 31806 is divided by 3?
0
Calculate the remainder when 27327 is divided by 355.
347
Calculate the remainder when 8104 is divided by 1309.
250
What is the remainder when 102381 is divided by 34125?
6
Calculate the remainder when 1139 is divided by 227.
4
Calculate the remainder when 21273 is divided by 40.
33
Calculate the remainder when 7617 is divided by 103.
98
What is the remainder when 4831 is divided by 956?
51
What is the remainder when 2251 is divided by 743?
22
Calculate the remainder when 24381 is divided by 508.
505
What is the remainder when 1961 is divided by 18?
17
What is the remainder when 50961 is divided by 132?
9
What is the remainder when 14035 is divided by 197?
48
Calculate the remainder when 263 is divided by 5.
3
Calculate the remainder when 388 is divided by 352.
36
What is the remainder when 1736 is divided by 115?
11
What is the remainder when 2138 is divided by 156?
110
Calculate the remainder when 2845322 is divided by 229.
226
What is the remainder when 18820 is divided by 9402?
16
Calculate the remainder when 33807 is divided by 16817.
173
What is the remainder when 3224 is divided by 192?
152
What is the remainder when 1651 is divided by 32?
19
Calculate the remainder when 1593 is divided by 529.
6
Calculate the remainder when 22827 is divided by 789.
735
What is the remainder when 34227 is divided by 163?
160
Calculate the remainder when 20207 is divided by 808.
7
Calculate the remainder when 4890 is divided by 11.
6
What is the remainder when 1839626 is divided by 1378?
1374
Calculate the remainder when 7494 is divided by 240.
54
Calculate the remainder when 14107 is divided by 5.
2
Calculate the remainder when 1128 is divided by 52.
36
What is the remainder when 1281 is divided by 40?
1
Calculate the remainder when 6706 is divided by 66.
40
What is the remainder when 6378 is divided by 2023?
309
Calculate the remainder when 62746 is divided by 20900.
46
Calculate the remainder when 2161 is divided by 33.
16
Calculate the remainder when 79510 is divided by 473.
46
Calculate the remainder when 110936 is divided by 6163.
2
What is the remainder when 7567 is divided by 1511?
12
Calculate the remainder when 533063 is divided by 167.
166
Calculate the remainder when 121481 is divided by 3374.
17
What is the remainder when 436629 is divided by 470?
469
Calculate the remainder when 51123 is divided by 5111.
13
Calculate the remainder when 34475 is divided by 985.
0
Calculate the remainder when 10454 is divided by 512.
214
What is the remainder when 18474 is divided by 178?
140
Calculate the remainder when 68921 is divided by 41.
0
What is the remainder when 26392 is divided by 8795?
7
What is the remainder when 11864 is divided by 17?
15
Calculate the remainder when 6368 is divided by 58.
46
What is the remainder when 64187 is divided by 12824?
67
Calculate the remainder when 121354 is divided by 312.
298
Calculate the remainder when 12834 is divided by 996.
882
What is the remainder when 1248 is divided by 550?
148
Calculate the remainder when 39981 is divided by 52.
45
What is the remainder when 605615 is divided by 222?
221
Calculate the remainder when 2409 is divided by 26.
17
What is the remainder when 6112 is divided by 3968?
2144
What is the remainder when 157128 is divided by 39?
36
Calculate the remainder when 12776 is divided by 12740.
36
Calculate the remainder when 6076 is divided by 18.
10
Calculate the remainder when 5835 is divided by 146.
141
Calculate the remainder when 88893 is divided by 338.
337
What is the remainder when 39534 is divided by 992?
846
Calculate the remainder when 26871 is divided by 8.
7
Calculate the remainder when 112053 is divided by 644.
641
What is the remainder when 264790 is divided by 33097?
14
What is the remainder when 11439 is divided by 1427?
23
What is the remainder when 121674 is divided by 39?
33
What is the remainder when 460349 is divided by 11?
10
Calculate the remainder when 5518 is divided by 426.
406
What is the remainder when 13276 is divided by 6631?
14
What is the remainder when 3997 is divided by 242?
125
Calculate the remainder when 127932 is divided by 42638.
18
Calculate the remainder when 120391 is divided by 30062.
143
What is the remainder when 2025542 is divided by 25?
17
What is the remainder when 218583 is divided by 109287?
9
What is the remainder when 2519 is divided by 61?
18
What is the remainder when 2236 is divided by 28?
24
What is the remainder when 145371 is divided by 116?
23
Calculate the remainder when 53399 is divided by 55.
49
Calculate the remainder when 12948 is divided by 132.
12
What is the remainder when 1690 is divided by 382?
162
What is the remainder when 15975 is divided by 70?
15
Calculate the remainder when 7723 is divided by 3835.
53
What is the remainder when 5309 is divided by 2603?
103
What is the remainder when 17353 is divided by 166?
89
Calculate the remainder when 6908 is divided by 1543.
736
Calculate the remainder when 47260 is divided by 5898.
76
What is the remainder when 71227 is divided by 186?
175
What is the remainder when 57806 is divided by 5251?
45
What is the remainder when 426 is divided by 152?
122
Calculate the remainder when 183133 is divided by 1453.
55
Calculate the remainder when 215026 is divided by 39.
19
What is the remainder when 106555 is divided by 23?
19
What is the remainder when 14928 is divided by 2972?
68
What is the remainder when 20453 is divided by 1202?
19
What is the remainder when 5763 is divided by 910?
303
What is the remainder when 17198 is divided by 141?
137
Calculate the remainder when 8744 is divided by 93.
2
What is the remainder when 943282 is divided by 36?
10
What is the remainder when 2218 is divided by 308?
62
What is the remainder when 79557 is divided by 47?
33
What is the remainder when 610217 is divided by 122043?
2
What is the remainder when 39755 is divided by 537?
17
Calculate the remainder when 855 is divided by 121.
8
What is the remainder when 3421 is divided by 47?
37
Calculate the remainder when 413148 is divided by 123.
114
What is the remainder when 613 is divided by 38?
5
What is the remainder when 670 is divided by 33?
10
Calculate the remainder when 1945522 is divided by 59.
56
Calculate the remainder when 5795 is divided by 5439.
356
What is the remainder when 3501 is divided by 291?
9
What is the remainder when 3405 is divided by 1489?
427
What is the remainder when 815 is divided by 697?
118
Calculate the remainder when 5563 is divided by 1483.
1114
Calculate the remainder when 28762 is divided by 3594.
10
Calculate the remainder when 4589 is div